{"id":135,"date":"2026-04-09T02:36:17","date_gmt":"2026-04-09T02:36:17","guid":{"rendered":"https:\/\/raven-fotografie.de\/?page_id=135"},"modified":"2026-04-09T02:36:17","modified_gmt":"2026-04-09T02:36:17","slug":"impressum","status":"publish","type":"page","link":"https:\/\/raven-fotografie.de\/?page_id=135","title":{"rendered":"Impressum"},"content":{"rendered":"\n<div class=\"wp-block-group alignfull has-mono-4-background-color has-background has-global-padding is-layout-constrained wp-container-core-group-is-layout-ec439d68 wp-block-group-is-layout-constrained\" style=\"padding-top:var(--wp--preset--spacing--superbspacing-xxlarge);padding-right:var(--wp--preset--spacing--superbspacing-small);padding-bottom:var(--wp--preset--spacing--superbspacing-xxlarge);padding-left:var(--wp--preset--spacing--superbspacing-small)\">\n<p class=\"has-text-align-center has-text-color\" style=\"color:#b08856;margin-bottom:var(--wp--preset--spacing--superbspacing-xxsmall);font-size:11px;letter-spacing:4px;text-transform:uppercase\">Rechtliches<\/p>\n\n\n\n<h1 class=\"wp-block-heading has-text-align-center\" style=\"margin-top:0;margin-bottom:var(--wp--preset--spacing--superbspacing-large);font-size:clamp(31.609px, 1.976rem + ((1vw - 3.2px) * 1.173), 56px);font-style:normal;font-weight:400;line-height:1.2\"><em>Impressum<\/em><\/h1>\n\n\n\n<h2 class=\"wp-block-heading has-contrast-color has-text-color\" style=\"margin-top:var(--wp--preset--spacing--superbspacing-medium);margin-bottom:var(--wp--preset--spacing--superbspacing-xsmall);font-size:clamp(14.642px, 0.915rem + ((1vw - 3.2px) * 0.354), 22px);font-style:normal;font-weight:500\">Angaben gem\u00e4\u00df \u00a7 5 TMG<\/h2>\n\n\n\n<p class=\"has-mono-2-color has-text-color has-superbfont-small-font-size\">Raja Abdullah Aasim<br>Raven Fotografie<br>Memmingerstrasse 37, <\/p>\n\n\n\n<p class=\"has-mono-2-color has-text-color has-superbfont-small-font-size\">89231 Neu-Ulm<br>Deutschland<\/p>\n\n\n\n<h2 class=\"wp-block-heading has-contrast-color has-text-color\" style=\"margin-top:var(--wp--preset--spacing--superbspacing-medium);margin-bottom:var(--wp--preset--spacing--superbspacing-xsmall);font-size:clamp(14.642px, 0.915rem + ((1vw - 3.2px) * 0.354), 22px);font-style:normal;font-weight:500\">Kontakt<\/h2>\n\n\n\n<p class=\"has-mono-2-color has-text-color has-superbfont-small-font-size\">Telefon: +49 15751180429<br>E-Mail: info@raven-fotografie.de<\/p>\n\n\n\n<h2 class=\"wp-block-heading has-contrast-color has-text-color\" style=\"margin-top:var(--wp--preset--spacing--superbspacing-medium);margin-bottom:var(--wp--preset--spacing--superbspacing-xsmall);font-size:clamp(14.642px, 0.915rem + ((1vw - 3.2px) * 0.354), 22px);font-style:normal;font-weight:500\">Umsatzsteuer-ID<\/h2>\n\n\n\n<p class=\"has-mono-2-color has-text-color has-superbfont-small-font-size\">Umsatzsteuer-Identifikationsnummer gem\u00e4\u00df \u00a7 27 a Umsatzsteuergesetz:<br>DE454341832<\/p>\n\n\n\n<p class=\"has-mono-2-color has-text-color has-superbfont-small-font-size\"><em>Hinweis: Als Kleinunternehmer im Sinne von \u00a7 19 Abs. 1 UStG wird keine Umsatzsteuer berechnet.<\/em><\/p>\n\n\n\n<h2 class=\"wp-block-heading has-contrast-color has-text-color\" style=\"margin-top:var(--wp--preset--spacing--superbspacing-medium);margin-bottom:var(--wp--preset--spacing--superbspacing-xsmall);font-size:clamp(14.642px, 0.915rem + ((1vw - 3.2px) * 0.354), 22px);font-style:normal;font-weight:500\">Verantwortlich f\u00fcr den Inhalt nach \u00a7 55 Abs. 2 RStV<\/h2>\n\n\n\n<p class=\"has-mono-2-color has-text-color has-superbfont-small-font-size\">Raja Abdullah Aasim<br>Raven Fotografie<br>Memmingerstrasse 37, <br>89231 Neu-Ulm<\/p>\n\n\n\n<h2 class=\"wp-block-heading has-contrast-color has-text-color\" style=\"margin-top:var(--wp--preset--spacing--superbspacing-medium);margin-bottom:var(--wp--preset--spacing--superbspacing-xsmall);font-size:clamp(14.642px, 0.915rem + ((1vw - 3.2px) * 0.354), 22px);font-style:normal;font-weight:500\">Streitschlichtung<\/h2>\n\n\n\n<p class=\"has-mono-2-color has-text-color has-superbfont-small-font-size\">Die Europ\u00e4ische Kommission stellt eine Plattform zur Online-Streitbeilegung (OS) bereit: <a href=\"https:\/\/ec.europa.eu\/consumers\/odr\/\" target=\"_blank\" rel=\"noreferrer noopener\">https:\/\/ec.europa.eu\/consumers\/odr\/<\/a><br>Unsere E-Mail-Adresse finden Sie oben im Impressum.<\/p>\n\n\n\n<p class=\"has-mono-2-color has-text-color has-superbfont-small-font-size\">Wir sind nicht bereit oder verpflichtet, an Streitbeilegungsverfahren vor einer Verbraucherschlichtungsstelle teilzunehmen.<\/p>\n\n\n\n<h2 class=\"wp-block-heading has-contrast-color has-text-color\" style=\"margin-top:var(--wp--preset--spacing--superbspacing-medium);margin-bottom:var(--wp--preset--spacing--superbspacing-xsmall);font-size:clamp(14.642px, 0.915rem + ((1vw - 3.2px) * 0.354), 22px);font-style:normal;font-weight:500\">Haftung f\u00fcr Inhalte<\/h2>\n\n\n\n<p class=\"has-mono-2-color has-text-color has-superbfont-small-font-size\">Als Diensteanbieter sind wir gem\u00e4\u00df \u00a7 7 Abs.1 TMG f\u00fcr eigene Inhalte auf diesen Seiten nach den allgemeinen Gesetzen verantwortlich. Nach \u00a7\u00a7 8 bis 10 TMG sind wir als Diensteanbieter jedoch nicht verpflichtet, \u00fcbermittelte oder gespeicherte fremde Informationen zu \u00fcberwachen oder nach Umst\u00e4nden zu forschen, die auf eine rechtswidrige T\u00e4tigkeit hinweisen.<\/p>\n\n\n\n<p class=\"has-mono-2-color has-text-color has-superbfont-small-font-size\">Verpflichtungen zur Entfernung oder Sperrung der Nutzung von Informationen nach den allgemeinen Gesetzen bleiben hiervon unber\u00fchrt. Eine diesbez\u00fcgliche Haftung ist jedoch erst ab dem Zeitpunkt der Kenntnis einer konkreten Rechtsverletzung m\u00f6glich. Bei Bekanntwerden entsprechender Rechtsverletzungen werden wir diese Inhalte umgehend entfernen.<\/p>\n\n\n\n<h2 class=\"wp-block-heading has-contrast-color has-text-color\" style=\"margin-top:var(--wp--preset--spacing--superbspacing-medium);margin-bottom:var(--wp--preset--spacing--superbspacing-xsmall);font-size:clamp(14.642px, 0.915rem + ((1vw - 3.2px) * 0.354), 22px);font-style:normal;font-weight:500\">Haftung f\u00fcr Links<\/h2>\n\n\n\n<p class=\"has-mono-2-color has-text-color has-superbfont-small-font-size\">Unser Angebot enth\u00e4lt Links zu externen Websites Dritter, auf deren Inhalte wir keinen Einfluss haben. Deshalb k\u00f6nnen wir f\u00fcr diese fremden Inhalte auch keine Gew\u00e4hr \u00fcbernehmen. F\u00fcr die Inhalte der verlinkten Seiten ist stets der jeweilige Anbieter oder Betreiber der Seiten verantwortlich. Die verlinkten Seiten wurden zum Zeitpunkt der Verlinkung auf m\u00f6gliche Rechtsverst\u00f6\u00dfe \u00fcberpr\u00fcft. Rechtswidrige Inhalte waren zum Zeitpunkt der Verlinkung nicht erkennbar.<\/p>\n\n\n\n<p class=\"has-mono-2-color has-text-color has-superbfont-small-font-size\">Eine permanente inhaltliche Kontrolle der verlinkten Seiten ist jedoch ohne konkrete Anhaltspunkte einer Rechtsverletzung nicht zumutbar. Bei Bekanntwerden von Rechtsverletzungen werden wir derartige Links umgehend entfernen.<\/p>\n\n\n\n<h2 class=\"wp-block-heading has-contrast-color has-text-color\" style=\"margin-top:var(--wp--preset--spacing--superbspacing-medium);margin-bottom:var(--wp--preset--spacing--superbspacing-xsmall);font-size:clamp(14.642px, 0.915rem + ((1vw - 3.2px) * 0.354), 22px);font-style:normal;font-weight:500\">Urheberrecht<\/h2>\n\n\n\n<p class=\"has-mono-2-color has-text-color has-superbfont-small-font-size\">Die durch den Seitenbetreiber erstellten Inhalte und Werke auf diesen Seiten unterliegen dem deutschen Urheberrecht. Alle ver\u00f6ffentlichten Fotografien sind Eigentum von Raja Abdullah \/ Raven Fotografie. Die Vervielf\u00e4ltigung, Bearbeitung, Verbreitung und jede Art der Verwertung au\u00dferhalb der Grenzen des Urheberrechtes bed\u00fcrfen der schriftlichen Zustimmung des jeweiligen Autors bzw. Erstellers.<\/p>\n\n\n\n<p class=\"has-mono-2-color has-text-color has-superbfont-small-font-size\">Downloads und Kopien dieser Seite sind nur f\u00fcr den privaten, nicht kommerziellen Gebrauch gestattet. Soweit die Inhalte auf dieser Seite nicht vom Betreiber erstellt wurden, werden die Urheberrechte Dritter beachtet.<\/p>\n<\/div>\n","protected":false},"excerpt":{"rendered":"<p>Rechtliches Impressum Angaben gem\u00e4\u00df \u00a7 5 TMG Raja Abdullah AasimRaven FotografieMemmingerstrasse 37, 89231 Neu-UlmDeutschland Kontakt Telefon: +49 15751180429E-Mail: info@raven-fotografie.de Umsatzsteuer-ID Umsatzsteuer-Identifikationsnummer gem\u00e4\u00df \u00a7 27 a Umsatzsteuergesetz:DE454341832 Hinweis: Als Kleinunternehmer im Sinne von \u00a7 19 Abs. 1 UStG wird keine Umsatzsteuer berechnet. Verantwortlich f\u00fcr den Inhalt nach \u00a7 55 Abs. 2 RStV Raja Abdullah AasimRaven FotografieMemmingerstrasse [&hellip;]<\/p>\n","protected":false},"author":1,"featured_media":0,"parent":0,"menu_order":0,"comment_status":"closed","ping_status":"closed","template":"","meta":{"footnotes":""},"class_list":["post-135","page","type-page","status-publish","hentry"],"yoast_head":"<!-- This site is optimized with the Yoast SEO plugin v27.3 - https:\/\/yoast.com\/product\/yoast-seo-wordpress\/ -->\n<title>Impressum - Raven Fotografie<\/title>\n<meta name=\"robots\" content=\"index, follow, max-snippet:-1, max-image-preview:large, max-video-preview:-1\" \/>\n<link rel=\"canonical\" href=\"http:\/\/raven-fotografie.de\/?page_id=135\" \/>\n<meta property=\"og:locale\" content=\"en_US\" \/>\n<meta property=\"og:type\" content=\"article\" \/>\n<meta property=\"og:title\" content=\"Impressum - Raven Fotografie\" \/>\n<meta property=\"og:description\" content=\"Rechtliches Impressum Angaben gem\u00e4\u00df \u00a7 5 TMG Raja Abdullah AasimRaven FotografieMemmingerstrasse 37, 89231 Neu-UlmDeutschland Kontakt Telefon: +49 15751180429E-Mail: info@raven-fotografie.de Umsatzsteuer-ID Umsatzsteuer-Identifikationsnummer gem\u00e4\u00df \u00a7 27 a Umsatzsteuergesetz:DE454341832 Hinweis: Als Kleinunternehmer im Sinne von \u00a7 19 Abs. 1 UStG wird keine Umsatzsteuer berechnet. Verantwortlich f\u00fcr den Inhalt nach \u00a7 55 Abs. 2 RStV Raja Abdullah AasimRaven FotografieMemmingerstrasse [&hellip;]\" \/>\n<meta property=\"og:url\" content=\"http:\/\/raven-fotografie.de\/?page_id=135\" \/>\n<meta property=\"og:site_name\" content=\"Raven Fotografie\" \/>\n<meta name=\"twitter:card\" content=\"summary_large_image\" \/>\n<meta name=\"twitter:label1\" content=\"Est. reading time\" \/>\n\t<meta name=\"twitter:data1\" content=\"2 minutes\" \/>\n<script type=\"application\/ld+json\" class=\"yoast-schema-graph\">{\"@context\":\"https:\\\/\\\/schema.org\",\"@graph\":[{\"@type\":\"WebPage\",\"@id\":\"http:\\\/\\\/raven-fotografie.de\\\/?page_id=135\",\"url\":\"http:\\\/\\\/raven-fotografie.de\\\/?page_id=135\",\"name\":\"Impressum - Raven Fotografie\",\"isPartOf\":{\"@id\":\"http:\\\/\\\/raven-fotografie.de\\\/#website\"},\"datePublished\":\"2026-04-09T02:36:17+00:00\",\"breadcrumb\":{\"@id\":\"http:\\\/\\\/raven-fotografie.de\\\/?page_id=135#breadcrumb\"},\"inLanguage\":\"en-US\",\"potentialAction\":[{\"@type\":\"ReadAction\",\"target\":[\"http:\\\/\\\/raven-fotografie.de\\\/?page_id=135\"]}]},{\"@type\":\"BreadcrumbList\",\"@id\":\"http:\\\/\\\/raven-fotografie.de\\\/?page_id=135#breadcrumb\",\"itemListElement\":[{\"@type\":\"ListItem\",\"position\":1,\"name\":\"Home\",\"item\":\"http:\\\/\\\/raven-fotografie.de\\\/\"},{\"@type\":\"ListItem\",\"position\":2,\"name\":\"Impressum\"}]},{\"@type\":\"WebSite\",\"@id\":\"http:\\\/\\\/raven-fotografie.de\\\/#website\",\"url\":\"http:\\\/\\\/raven-fotografie.de\\\/\",\"name\":\"Raven Fotografie\",\"description\":\"\",\"publisher\":{\"@id\":\"http:\\\/\\\/raven-fotografie.de\\\/#organization\"},\"potentialAction\":[{\"@type\":\"SearchAction\",\"target\":{\"@type\":\"EntryPoint\",\"urlTemplate\":\"http:\\\/\\\/raven-fotografie.de\\\/?s={search_term_string}\"},\"query-input\":{\"@type\":\"PropertyValueSpecification\",\"valueRequired\":true,\"valueName\":\"search_term_string\"}}],\"inLanguage\":\"en-US\"},{\"@type\":\"Organization\",\"@id\":\"http:\\\/\\\/raven-fotografie.de\\\/#organization\",\"name\":\"Raven Fotografie\",\"url\":\"http:\\\/\\\/raven-fotografie.de\\\/\",\"logo\":{\"@type\":\"ImageObject\",\"inLanguage\":\"en-US\",\"@id\":\"http:\\\/\\\/raven-fotografie.de\\\/#\\\/schema\\\/logo\\\/image\\\/\",\"url\":\"https:\\\/\\\/raven-fotografie.de\\\/wp-content\\\/uploads\\\/2026\\\/04\\\/Elegant-Raven-Fotografie-logo-design-copy.png\",\"contentUrl\":\"https:\\\/\\\/raven-fotografie.de\\\/wp-content\\\/uploads\\\/2026\\\/04\\\/Elegant-Raven-Fotografie-logo-design-copy.png\",\"width\":1536,\"height\":1024,\"caption\":\"Raven Fotografie\"},\"image\":{\"@id\":\"http:\\\/\\\/raven-fotografie.de\\\/#\\\/schema\\\/logo\\\/image\\\/\"}}]}<\/script>\n<!-- \/ Yoast SEO plugin. -->","yoast_head_json":{"title":"Impressum - Raven Fotografie","robots":{"index":"index","follow":"follow","max-snippet":"max-snippet:-1","max-image-preview":"max-image-preview:large","max-video-preview":"max-video-preview:-1"},"canonical":"http:\/\/raven-fotografie.de\/?page_id=135","og_locale":"en_US","og_type":"article","og_title":"Impressum - Raven Fotografie","og_description":"Rechtliches Impressum Angaben gem\u00e4\u00df \u00a7 5 TMG Raja Abdullah AasimRaven FotografieMemmingerstrasse 37, 89231 Neu-UlmDeutschland Kontakt Telefon: +49 15751180429E-Mail: info@raven-fotografie.de Umsatzsteuer-ID Umsatzsteuer-Identifikationsnummer gem\u00e4\u00df \u00a7 27 a Umsatzsteuergesetz:DE454341832 Hinweis: Als Kleinunternehmer im Sinne von \u00a7 19 Abs. 1 UStG wird keine Umsatzsteuer berechnet. Verantwortlich f\u00fcr den Inhalt nach \u00a7 55 Abs. 2 RStV Raja Abdullah AasimRaven FotografieMemmingerstrasse [&hellip;]","og_url":"http:\/\/raven-fotografie.de\/?page_id=135","og_site_name":"Raven Fotografie","twitter_card":"summary_large_image","twitter_misc":{"Est. reading time":"2 minutes"},"schema":{"@context":"https:\/\/schema.org","@graph":[{"@type":"WebPage","@id":"http:\/\/raven-fotografie.de\/?page_id=135","url":"http:\/\/raven-fotografie.de\/?page_id=135","name":"Impressum - Raven Fotografie","isPartOf":{"@id":"http:\/\/raven-fotografie.de\/#website"},"datePublished":"2026-04-09T02:36:17+00:00","breadcrumb":{"@id":"http:\/\/raven-fotografie.de\/?page_id=135#breadcrumb"},"inLanguage":"en-US","potentialAction":[{"@type":"ReadAction","target":["http:\/\/raven-fotografie.de\/?page_id=135"]}]},{"@type":"BreadcrumbList","@id":"http:\/\/raven-fotografie.de\/?page_id=135#breadcrumb","itemListElement":[{"@type":"ListItem","position":1,"name":"Home","item":"http:\/\/raven-fotografie.de\/"},{"@type":"ListItem","position":2,"name":"Impressum"}]},{"@type":"WebSite","@id":"http:\/\/raven-fotografie.de\/#website","url":"http:\/\/raven-fotografie.de\/","name":"Raven Fotografie","description":"","publisher":{"@id":"http:\/\/raven-fotografie.de\/#organization"},"potentialAction":[{"@type":"SearchAction","target":{"@type":"EntryPoint","urlTemplate":"http:\/\/raven-fotografie.de\/?s={search_term_string}"},"query-input":{"@type":"PropertyValueSpecification","valueRequired":true,"valueName":"search_term_string"}}],"inLanguage":"en-US"},{"@type":"Organization","@id":"http:\/\/raven-fotografie.de\/#organization","name":"Raven Fotografie","url":"http:\/\/raven-fotografie.de\/","logo":{"@type":"ImageObject","inLanguage":"en-US","@id":"http:\/\/raven-fotografie.de\/#\/schema\/logo\/image\/","url":"https:\/\/raven-fotografie.de\/wp-content\/uploads\/2026\/04\/Elegant-Raven-Fotografie-logo-design-copy.png","contentUrl":"https:\/\/raven-fotografie.de\/wp-content\/uploads\/2026\/04\/Elegant-Raven-Fotografie-logo-design-copy.png","width":1536,"height":1024,"caption":"Raven Fotografie"},"image":{"@id":"http:\/\/raven-fotografie.de\/#\/schema\/logo\/image\/"}}]}},"_links":{"self":[{"href":"https:\/\/raven-fotografie.de\/index.php?rest_route=\/wp\/v2\/pages\/135","targetHints":{"allow":["GET"]}}],"collection":[{"href":"https:\/\/raven-fotografie.de\/index.php?rest_route=\/wp\/v2\/pages"}],"about":[{"href":"https:\/\/raven-fotografie.de\/index.php?rest_route=\/wp\/v2\/types\/page"}],"author":[{"embeddable":true,"href":"https:\/\/raven-fotografie.de\/index.php?rest_route=\/wp\/v2\/users\/1"}],"replies":[{"embeddable":true,"href":"https:\/\/raven-fotografie.de\/index.php?rest_route=%2Fwp%2Fv2%2Fcomments&post=135"}],"version-history":[{"count":1,"href":"https:\/\/raven-fotografie.de\/index.php?rest_route=\/wp\/v2\/pages\/135\/revisions"}],"predecessor-version":[{"id":136,"href":"https:\/\/raven-fotografie.de\/index.php?rest_route=\/wp\/v2\/pages\/135\/revisions\/136"}],"wp:attachment":[{"href":"https:\/\/raven-fotografie.de\/index.php?rest_route=%2Fwp%2Fv2%2Fmedia&parent=135"}],"curies":[{"name":"wp","href":"https:\/\/api.w.org\/{rel}","templated":true}]}}